{"id":16061,"date":"2024-02-21T21:19:06","date_gmt":"2024-02-21T18:19:06","guid":{"rendered":"https:\/\/memoriestravel.org\/?post_type=product&#038;p=16061"},"modified":"2025-04-15T14:29:27","modified_gmt":"2025-04-15T11:29:27","slug":"casa-balmes","status":"publish","type":"product","link":"https:\/\/memoriestravel.org\/?product=casa-balmes","title":{"rendered":"La Fran\u00e7a Travellers Adults"},"content":{"rendered":"","protected":false},"excerpt":{"rendered":"<div id=\"summary\" class=\"hotel_description_review_display\" data-et-view=\"\">\n<div id=\"property_description_content\" data-et-view=\"\">\n<div data-capla-component-boundary=\"b-property-web-property-page\/PropertyDescriptionDesktop\">\n<p class=\"a53cbfa6de b3efd73f69\">Offering free private parking and free WiFi, La Fran\u00e7a Travelers is located next to Montjiuic, 10-minute walk from Plaza de Espa\u00f1a and Fira de Barcelona. 24-hour reception is available. This adults-only guest house features modern d\u00e9cor and air-conditioned rooms with a flat-screen satellite TV. All have a private bathroom with a hairdryer and free toiletries. All suites have a spa bath and some have a round bed. Bars, restaurants and several dining options can be found in the surrounding streets. Regular airport buses leave from a bus stop located just 1640 feet away.<\/p>\n<\/div>\n<\/div>\n<\/div>\n<p class=\"hp-desc-review-highlight hp-desc-traveller-type--ph-v0\">\n","protected":false},"featured_media":16073,"template":"","meta":[],"product_brand":[],"product_cat":[126],"product_tag":[],"class_list":{"0":"post-16061","1":"product","2":"type-product","3":"status-publish","4":"has-post-thumbnail","6":"product_cat-spain","8":"first","9":"instock","10":"purchasable","11":"product-type-simple"},"_links":{"self":[{"href":"https:\/\/memoriestravel.org\/index.php?rest_route=\/wp\/v2\/product\/16061","targetHints":{"allow":["GET"]}}],"collection":[{"href":"https:\/\/memoriestravel.org\/index.php?rest_route=\/wp\/v2\/product"}],"about":[{"href":"https:\/\/memoriestravel.org\/index.php?rest_route=\/wp\/v2\/types\/product"}],"version-history":[{"count":4,"href":"https:\/\/memoriestravel.org\/index.php?rest_route=\/wp\/v2\/product\/16061\/revisions"}],"predecessor-version":[{"id":16518,"href":"https:\/\/memoriestravel.org\/index.php?rest_route=\/wp\/v2\/product\/16061\/revisions\/16518"}],"wp:featuredmedia":[{"embeddable":true,"href":"https:\/\/memoriestravel.org\/index.php?rest_route=\/wp\/v2\/media\/16073"}],"wp:attachment":[{"href":"https:\/\/memoriestravel.org\/index.php?rest_route=%2Fwp%2Fv2%2Fmedia&parent=16061"}],"wp:term":[{"taxonomy":"product_brand","embeddable":true,"href":"https:\/\/memoriestravel.org\/index.php?rest_route=%2Fwp%2Fv2%2Fproduct_brand&post=16061"},{"taxonomy":"product_cat","embeddable":true,"href":"https:\/\/memoriestravel.org\/index.php?rest_route=%2Fwp%2Fv2%2Fproduct_cat&post=16061"},{"taxonomy":"product_tag","embeddable":true,"href":"https:\/\/memoriestravel.org\/index.php?rest_route=%2Fwp%2Fv2%2Fproduct_tag&post=16061"}],"curies":[{"name":"wp","href":"https:\/\/api.w.org\/{rel}","templated":true}]}}